he ten thousands digit of 38842773?
4
What is the millions digit of 143783798?
3
What is the units digit of 730729182?
2
What is the millions digit of 224032089?
4
What is the hundreds digit of 246579646?
6
What is the hundred thousands digit of 1089313329?
3
What is the ten thousands digit of 2488570191?
7
What is the hundred thousands digit of 53770922?
7
What is the thousands digit of 197395448?
5
What is the tens digit of 52963255?
5
What is the billions digit of 1117079536?
1
What is the units digit of 226562092?
2
What is the units digit of 22087226?
6
What is the hundreds digit of 573449880?
8
What is the millions digit of 76747167?
6
What is the millions digit of 19379119?
9
What is the millions digit of 224218456?
4
What is the hundreds digit of 328075204?
2
What is the thousands digit of 356882250?
2
What is the millions digit of 45929760?
5
What is the ten thousands digit of 71367128?
6
What is the units digit of 310218833?
3
What is the millions digit of 85572285?
5
What is the hundred thousands digit of 138104584?
1
What is the thousands digit of 109123506?
3
What is the hundreds digit of 5398384561?
5
What is the ten thousands digit of 284095548?
9
What is the hundred thousands digit of 296783609?
7
What is the hundreds digit of 1598648430?
4
What is the ten thousands digit of 1965449068?
4
What is the tens digit of 201286989?
8
What is the millions digit of 3123812073?
3
What is the ten thousands digit of 464566468?
6
What is the millions digit of 36515490?
6
What is the millions digit of 85974849?
5
What is the units digit of 82246714?
4
What is the hundred thousands digit of 272865371?
8
What is the hundreds digit of 1400142056?
0
What is the thousands digit of 10023224?
3
What is the millions digit of 190470260?
0
What is the ten thousands digit of 44132374?
3
What is the ten thousands digit of 1002601858?
0
What is the tens digit of 353100978?
7
What is the hundred thousands digit of 3107419919?
4
What is the hundred millions digit of 2698052633?
6
What is the hundreds digit of 2582185475?
4
What is the ten thousands digit of 512014189?
1
What is the ten millions digit of 85281290?
8
What is the ten thousands digit of 946391197?
9
What is the thousands digit of 20899593?
9
What is the tens digit of 2270864327?
2
What is the thousands digit of 7848422?
8
What is the tens digit of 20012957?
5
What is the thousands digit of 30741555?
1
What is the hundred thousands digit of 340707050?
7
What is the tens digit of 99335860?
6
What is the units digit of 152438658?
8
What is the thousands digit of 425967?
5
What is the hundred thousands digit of 398259345?
2
What is the millions digit of 1241020477?
1
What is the ten thousands digit of 161680835?
8
What is the millions digit of 5007810046?
7
What is the units digit of 329521521?
1
What is the hundreds digit of 506003277?
2
What is the hundreds digit of 1538534017?
0
What is the thousands digit of 801512643?
2
What is the tens digit of 5416757972?
7
What is the hundreds digit of 204004287?
2
What is the millions digit of 201647812?
1
What is the units digit of 61906135?
5
What is the ten millions digit of 2739187851?
3
What is the units digit of 49414912?
2
What is the ten thousands digit of 136784230?
8
What is the hundred millions digit of 1004415529?
0
What is the hundred thousands digit of 294941522?
9
What is the millions digit of 1061903061?
1
What is the millions digit of 114912646?
4
What is the millions digit of 1301539835?
1
What is the hundreds digit of 20890993?
9
What is the millions digit of 489970037?
9
What is the thousands digit of 97020986?
0
What is the billions digit of 2084695063?
2
What is the hundred thousands digit of 60952647?
9
What is the millions digit of 2876230912?
6
What is the tens digit of 1828734825?
2
What is the units digit of 103586786?
6
What is the tens digit of 2877266?
6
What is the hundred thousands digit of 1548568194?
5
What is the tens digit of 104198890?
9
What is the thousands digit of 119064356?
4
What is the hundreds digit of 347554270?
2
What is the hundred thousands digit of 57856733?
8
What is the tens digit of 89213670?
7
What is the thousands digit of 827422045?
2
What is the tens digit of 157103768?
6
What is the ten thousands digit of 35972047?
7
What is the millions digit of 12358776?
2
What is the hundred millions digit of 368286141?
3
What is the tens digit of 49620715?
1
What is the hundreds digit of 420840914?
9
What is the hundred thousands digit of 303847935?
8
What is the ten millions digit of 2053001322?
5
What is the millions digit of 135664543?
5
What is the units digit of 108662141?
1
What is the ten thousands digit of 98491515?
9
What is the hundreds digit of 449320941?
9
What is the ten thousands digit of 62203198?
0
What is the hundred thousands digit of 645586655?
5
What is the millions digit of 4362548704?
2
What is the ten thousands digit of 101041693?
4
What is the ten thousands digit of 451656387?
5
What is the ten thousands digit of 297029454?
2
What is the tens digit of 100519784?
8
What is the hundreds digit of 50509799?
7
What is the tens digit of 2526617537?
3
What is the ten millions digit of 120928489?
2
What is the tens digit of 2956553594?
9
What is the ten thousands digit of 60163283?
6
What is the ten millions digit of 1687343845?
8
What is the ten millions digit of 959623714?
5
What is the ten thousands digit of 70435183?
3
What is the millions digit of 122836179?
2
What is the units digit of 2378618194?
4
What is the hundred millions digit of 1102649561?
1
What is the ten thousands digit of 218395288?
9
What is the ten millions digit of 547581439?
4
What is the hundred thousands digit of 135285228?
2
What is the thousands digit of 88917759?
7
What is the millions digit of 945428877?
5
What is the millions digit of 12927860?
2
What is the ten thousands digit of 572243820?
4
What is the tens digit of 1012538796?
9
What is the thousands digit of 878205181?
5
What is the hundred millions digit of 375210188?
3
What is the hundreds digit of 134723142?
1
What is the units digit of 373616631?
1
What is the millions digit of 40073023?
0
What is the units digit of 2964629621?
1
What is the hundred millions digit of 110974896?
1
What is the ten millions digit of 129918046?
2
What is the tens digit of 4397316364?
6
What is the thousands digit of 288256735?
6
What is the ten thousands digit of 36907434?
0
What is the thousands digit of 50242816?
2
What is the ten millions digit of 610512176?
1
What is the hundreds digit of 1198179991?
9
What is the ten thousands digit of 1470551501?
5
What is the hundred thousands digit of 252078210?
0
What is the ten millions digit of 1135492481?
3
What is the millions digit of 1224255443?
4
What is the tens digit of 1085580782?
8
What is the units digit of 57616204?
4
What is the billions digit of 6145233236?
6
What is the units digit of 56315916?
6
What is the millions digit of 91013154?
1
What is the hundreds digit of 57166466?
4
What is the units digit of 2131533145?
5
What is the hundred thousands digit of 5199539453?
5
What is the units digit of 48608083?
3
What is the ten millions digit of 4109682127?
0
What is the hundreds digit of 10619180?
1
What is the hundreds digit of 330387664?
6
What is the hundred thousands digit of 87501479?
5
What is the millions digit of 1740634547?
0
What is the hundreds digit of 673722450?
4
What is the hundreds digit of 13989771?
7
What is the ten millions digit of 226080130?
2
What is the ten thousands digit of 2777117824?
1
What is the millions digit of 488854318?
8
What is the tens digit of 119885979?
7
What is the thousands digit of 1100152260?
2
What is the hundred thousands digit of 1286683223?
6
What is the units digit of 294791238?
8
What is the tens digit of 38168533?
3
What is the hundreds digit of 13135068?
0
What is the tens digit of 22406838?
3
What is the hundred thousands digit of 213675201?
6
What is the hundred thousands digit of 213150630?
1
What is the hundred thousands digit of 1344597906?
5
What is the thousands digit of 44090549?
0
What is the hundred thousands digit of 317864905?
8
What is the thousands digit of 888616339?
6
What is the millions digit of 454352414?
4
What is the units digit of 198075630?
0
W